u.
14
Let d be (-18)/(-42) + 2 + 162/14. What is the greatest common divisor of 14 and d?
14
Let g be 6 + (-1)/1 - (2 + 1). Calculate the highest common divisor of 14 and g.
2
Let i be (-94)/(-14) - 2/(-7). What is the greatest common divisor of 7 and i?
7
Suppose -8*y + 2*y + 60 = 0. Calculate the greatest common divisor of 70 and y.
10
Suppose 4*j - 52 = m, 5*m = -j + 3*j - 44. Let t = 27 - j. Let o(q) = 5*q**3 + 4*q**2 - 8*q + 5. Let b be o(2). What is the highest common factor of b and t?
15
Let g = 37 - -67. Calculate the greatest common factor of 39 and g.
13
Let n = 68 + 149. Let p = n + -153. Suppose 2*h - 6 - 10 = 0. What is the greatest common divisor of h and p?
8
Suppose -3*q - 394 = -4*n + 2*q, 0 = 3*n + 4*q - 280. Let r = 43 - 19. What is the greatest common divisor of n and r?
24
Let h(d) = 5*d + 105. Let m be h(0). Suppose 2*u + 3*g - 18 = 6, 2*u + 5*g - 20 = 0. What is the highest common divisor of m and u?
15
Suppose -b + 0*d = d - 10, -b = -3*d - 14. What is the greatest common factor of b and 55?
11
Let w be -2 + (3 - 0 - -4). What is the greatest common divisor of w and 2?
1
Let t = -43 + 92. Calculate the greatest common factor of t and 441.
49
Suppose 3*y = -0*l - 3*l - 6, 5*y + 28 = l. What is the greatest common factor of 24 and l?
3
Suppose 0 = -3*w - 5*o - 5 + 496, -5*w - 2*o + 812 = 0. What is the highest common divisor of w and 18?
18
Suppose -3*k + 0 - 3 = 0. Let q be k/(-1*(-2)/(-4)). What is the highest common factor of q and 18?
2
Let r = -195 - -275. Calculate the greatest common divisor of 8 and r.
8
Suppose 3*v + 145 = 508. What is the greatest common factor of v and 11?
11
Let x(s) = -79*s - 15. Let k be x(-3). What is the greatest common divisor of k and 37?
37
Suppose 103 = 3*g - 2*t, 0 = -3*g + g + 5*t + 76. Let i be (-10)/(-4) + (-1)/(-2). What is the highest common factor of g and i?
3
Let h(u) = 6*u - 74. Let m be h(20). Calculate the greatest common divisor of 115 and m.
23
Suppose 0 = 3*m - 0 - 3, -m + 441 = -4*j. Let i = 187 + j. Let h = 10 - 3. Calculate the highest common factor of h and i.
7
Let s(z) = -3*z - 10. Let h be s(-8). What is the highest common factor of 154 and h?
14
Suppose 0 = -2*h + 7*h - 2*c - 872, h - 4*c = 160. Let n = 19 + -3. What is the greatest common divisor of n and h?
16
Let t(h) = 3*h - 7. Suppose 0 = 3*n - 5*n + 10. Let o be t(n). Let i be 6/(-21) + 618/7. Calculate the greatest common factor of i and o.
8
Let w = -39 + 55. Calculate the greatest common factor of w and 32.
16
Let w be -8*((-3)/(-1) + -4). Suppose 10*n = w*n + 60. What is the highest common factor of n and 6?
6
Let p be (-15)/36*-3 + (-6)/(-8). What is the highest common divisor of p and 4?
2
Let i(u) = 7*u - 13. Let y be i(4). Let o(r) = 2*r**2 - r - 2. Let h be o(2). Let t be h/(-10) + 81/y. Calculate the greatest common divisor of t and 5.
5
Let p = 20 - 12. Let w(k) = k - 2. Let s be w(p). Suppose f + s = 3*f. What is the greatest common factor of f and 15?
3
Let g be (-3)/6*(1 - 5). What is the greatest common divisor of g and 2?
2
Suppose -4*r = -4 - 4. Let c(g) = -1 + 2*g + r - 10*g. Let z be c(-1). Calculate the greatest common divisor of z and 3.
3
Let h(b) = -b + 16. Let q be h(9). Calculate the greatest common factor of 14 and q.
7
Let z(v) = 176*v**2 - v**3 - 176*v**2 + 2*v. Let y be z(-2). Calculate the greatest common divisor of y and 2.
2
Let s be 120/36*3*1. What is the highest common divisor of s and 15?
5
Let j(l) = l**2 - 10*l - 3. Let k be j(10). Let b be ((-22)/k + -3)*3. Calculate the highest common factor of 91 and b.
13
Suppose -2 = -5*x + 48. Suppose 0*m - 5*m + x = 0. Calculate the greatest common factor of 22 and m.
2
Let q = 9 + -7. Let y be (1 + -1 - -3) + q. Suppose -3*t + 1 = -2*t. Calculate the highest common factor of y and t.
1
Let y = 70 - 25. Calculate the greatest common divisor of y and 5.
5
Let q = -28 + 51. Suppose 8 - q = -5*u. What is the greatest common divisor of u and 1?
1
Let z(i) = i**3 + 9*i**2 - 4*i + 3. Let d be -9 - (-2 - -3 - 2). Let r be z(d). What is the greatest common factor of 9 and r?
9
Let h(c) = -c**3 - c + 19. Let b = 6 - 4. Suppose b*s = -2*s. Let k be h(s). What is the highest common divisor of 19 and k?
19
Let k(o) = o**2 + o + 2. Let x be k(-4). Let m be (-246)/(-21) + 4/x. Calculate the greatest common divisor of 12 and m.
12
Let k be 12/6*(-13)/(-2). Suppose 0 = -l + k + 29. What is the greatest common factor of l and 14?
14
Let k be (-2)/(-3)*108/8. Let s = k + -4. Suppose 0 = -4*z - 3*b + 12 + 1, 0 = s*z + 5*b - 20. What is the highest common divisor of 8 and z?
1
Let f = 15 + -1. Suppose -3*n + 92 = 4*i, 0 = 3*i - i - 4. Calculate the highest common divisor of n and f.
14
Let b(y) = 11*y**2 + 4*y + 2. Let k(p) = p + 1. Let a be k(-5). Let q be b(a). What is the highest common factor of 18 and q?
18
Suppose -3*l + 290 = 2*l + 2*b, b + 185 = 3*l. Suppose -5*w = 16 + 19. Let p(z) = -3*z - 1. Let k be p(w). Calculate the greatest common factor of k and l.
20
Let g(c) = -2*c**3 - c - 8*c**2 + 4 + c**3 + 0*c. Let j be g(-8). What is the highest common divisor of j and 48?
12
Let k be (234/(-182))/((-1)/7). Calculate the greatest common factor of k and 45.
9
Let w(u) = -3*u + 30. Let f be w(-11). What is the greatest common factor of f and 9?
9
Let w = 0 - -1. Let p = 26 + 2. Suppose -2*v = 2*g + 2*v - p, -4*v = -2*g - 12. Calculate the highest common factor of g and w.
1
Let g = -40 - -229. Suppose -5*l = -6*l + g. Calculate the highest common divisor of 21 and l.
21
Let d = 199 - 191. What is the greatest common factor of d and 10?
2
Let u = 10 - 5. Suppose 0 = 5*w - 2*l + 51, -u*l - 12 = 3*w - 0*l. Let r = -5 - w. What is the highest common divisor of r and 28?
4
Suppose 4*k - 160 = o - 3*o, 0 = k + 3*o - 40. What is the highest common factor of 5 and k?
5
Let z(q) = q**3 + 8*q**2 + 15. Let v be z(-8). Let c be (-26)/((2 - 6) + 2). Let r = c - 3. What is the greatest common factor of r and v?
5
Let z = -2 + -4. Let l = 5 + z. Let o be l - -5*9/3. Calculate the greatest common factor of o and 126.
14
Suppose p - 36 = -3*u, -2*p - 4*u = -5*p + 121. Let t = -35 + 61. Calculate the highest common factor of p and t.
13
Suppose 6*v = 2*v + 8. Calculate the highest common divisor of 5 and v.
1
Suppose -75 = 4*v - 203. Let m(z) = 8*z**2. Let t be m(1). Calculate the greatest common divisor of t and v.
8
Suppose 116 = 6*x - 148. Calculate the greatest common divisor of x and 4.
4
Suppose 62 = 2*o + k, 3*o = 5*o - 3*k - 78. What is the highest common divisor of 3 and o?
3
Let g be 4*(-17)/(-7) - (-4)/14. Let x be -6*(-1)/((-3)/(-20)). What is the greatest common divisor of x and g?
10
Suppose b = 3 + 1. Let k(w) = w**3 + w**2. Let n(p) = p**2 - 11*p + 11. Let q be n(10). Let m be k(q). Calculate the greatest common factor of b and m.
2
Let k(c) = -c**3 - c**2 + 40. Let h be k(0). Suppose a = h + 8. What is the highest common factor of 32 and a?
16
Let r(d) = 16*d**2 + 2*d + 1. Let o be r(-1). Let a(j) = 8*j - 3. Let u be a(6). Suppose -2*b - 15 = -u. What is the highest common factor of o and b?
15
Let w(v) = 111*v**2 + 2*v - 1. Let q be w(1). Let r be 4 + (0 - 1)/(5/(-50)). Calculate the highest common divisor of r and q.
14
Let h = -23 + 59. Suppose -6 - 2 = 2*z, -2*z - h = -2*t. Calculate the greatest common factor of 98 and t.
14
Let r = -2 + 2. Suppose g - 5 = r, 5*u - 3*g = -105 + 675. Let n = u + -82. Calculate the greatest common factor of n and 7.
7
Let c(y) be the first derivative of -3 - 6*y + 3/2*y**2. Let b be c(7). What is the greatest common divisor of 45 and b?
15
Suppose -4*r = 8, -2*c + 62 = 2*c - r. Calculate the highest common factor of c and 6.
3
Suppose 3*a = -4*c + 526, -2*a + 6*c = 2*c - 324. What is the greatest common divisor of a and 10?
10
Let l = 3 + 2. Let t(u) = u**3 - 5*u**2 + 3*u - 5. Let s be t(5). Calculate the greatest common factor of l and s.
5
Suppose 0 = 2*k + 4*u + 4, -2*k - 2*u = 17 - 7. Let b = -3 - k. Suppose -b*v = -2*v - 3. What is the highest common divisor of v and 5?
1
Let f be -1 + 0 - (-4 + 2). Let q be f/3*(13 + -4). Let x be (-80)/(-6) + (-1)/q. Calculate the greatest common factor of 13 and x.
13
Let q = -109 + 154. What is the greatest common factor of 18 and q?
9
Let u = -23 - -41. Let k 